 2 = z. Suppose 0 = -u*d + 5*d - 110. Suppose d = t - 0*t. List the prime factors of t.
2, 11
Let a(t) be the second derivative of -3*t**6/20 + t**5/60 - t**2/2 - t. Let c(o) be the first derivative of a(o). What are the prime factors of c(-1)?
19
Let z(x) = 4*x**2 - x + 1. List the prime factors of z(-3).
2, 5
Let a be (-45)/6 + 1/2. Let b = -3 - a. Suppose -34 = -b*y - 6. List the prime factors of y.
7
Suppose 2*g - 6*g + 699 = 5*d, 0 = -2*d - 5*g + 283. List the prime factors of d.
139
Let p(b) = -8*b. Let d be p(1). Let o be (5/2)/(-5)*d. Suppose 4*n + 4 = -o*k, -2*k = -n - 1 + 12. What are the prime factors of n?
3
Suppose m - 4 = 0, 18 = -0*d + 2*d + 3*m. List the prime factors of (d + 27)/((-6)/(-4)).
2, 5
What are the prime factors of 528/12 - (-1 + 0)?
3, 5
Let b be (408/30)/(2/5). Suppose -3*n + 2*p - 64 = 0, -3*n - 100 = 2*n - 2*p. Let y = n + b. What are the prime factors of y?
2
Let q(t) = t**2 + t - 2. Let a be q(2). Suppose a*r - 81 = -3*d, 24 = 2*r - 0*d - 4*d. What are the prime factors of r?
2, 3
List the prime factors of 26 + 1 - 0/(8 + -2).
3
Let w(f) be the third derivative of -f**5/60 - 7*f**4/24 - 2*f**3/3 + 4*f**2. Let a be w(-6). List the prime factors of -3 + (-2 - (-14 - a)).
11
Let o be 2 - 42/3*-1. Suppose 5*g + 3*a = 53, 2*g - 5*a - o = -a. What are the prime factors of g?
2, 5
Suppose -2*z - 4*q + 82 = 0, 4*z - 48 - 152 = q. Suppose 0 = 4*y + c - z, 34 = 4*y + 3*c - 5*c. What are the prime factors of y?
11
What are the prime factors of (-2)/1 - 343/(-7)?
47
Let y(u) = u - 1. Let f(d) = d + 2. Let p be f(2). Let h be y(p). Suppose 2*a - h*a + 5*b = 11, -4*b - 4 = -4*a. What are the prime factors of a?
2
Let z = 38 - 19. What are the prime factors of z?
19
List the prime factors of ((-139)/(-3) - 1)*(-135)/(-36).
2, 5, 17
Suppose -151 = 4*s + 5*c - 690, -2*s + 257 = 5*c. List the prime factors of s.
3, 47
Let h(k) = 3*k - 22. What are the prime factors of h(10)?
2
Let p(d) = d**3 + 11*d**2 + 12*d + 11. What are the prime factors of p(-8)?
107
Suppose 3*o = -0*o + 15. Let d(w) = -w**2 - 3*w + 3. Let j be d(-3). Suppose -5*c + 26 = 5*b - 14, 0 = j*b - o*c. List the prime factors of b.
5
Let u(c) = 2*c**2 - 47*c - 32. List the prime factors of u(25).
43
Suppose 0*k - 51 = -k. List the prime factors of k.
3, 17
Let t(h) = -1 + 2 - h - 4 - 2. Let d be t(-6). Let m(l) = 19*l**2 - l. List the prime factors of m(d).
2, 3
Let k(p) = p**3 - 7*p**2 + 9*p - 1. List the prime factors of k(6).
17
Suppose 2*k - 56 = -u, u - 19 = -k - 4*u. Let w be k*(-1 + 2/1). Suppose -5*t = l - w - 3, 2*l - 28 = -t. What are the prime factors of l?
2, 3
Suppose -4*s + 19 = 4*v - 1, v = 2*s - 7. Suppose 4*k + 3*y - 65 = -0*y, -s*y = 20. What are the prime factors of k?
2, 5
Let j(m) = 4*m**3 - 7*m**2 + 9*m - 15. What are the prime factors of j(4)?
3, 5, 11
Suppose f = -5*t + t + 30, -4*f = 4*t - 84. List the prime factors of f.
2, 3
Let v = -77 - -46. Let b = v + 50. What are the prime factors of b?
19
Suppose 6*c = 3*c. Suppose 2*r - 6 - 4 = c. Suppose 59 = 4*y - r*w, y + w = -4*y + 52. What are the prime factors of y?
11
Let u = 7 + -2. Suppose -u*r = -61 + 1. List the prime factors of r.
2, 3
Let v be (5/(20/16))/2. Suppose 0 = -2*g - 2*f + 102, -v*g - 2*f = g - 151. What are the prime factors of g?
7
Let u be (-1395)/10 - 2/4. List the prime factors of 12*(u/(-8))/5.
2, 3, 7
Suppose -7*m + 13*m = 264. What are the prime factors of m?
2, 11
Suppose 450 = 2*r + 4*r. List the prime factors of r.
3, 5
List the prime factors of (-490)/3*15/(-10).
5, 7
Let m = 484 + -296. What are the prime factors of m?
2, 47
Suppose -2*m = -5*m + 12, -3*q + 4*m - 4 = 0. Suppose g = q*g - 27. Let a = 21 - g. What are the prime factors of a?
2, 3
Suppose 32 = 5*c + 7, -95 = -2*f - 3*c. What are the prime factors of f?
2, 5
Suppose 6*f = -8*f + 3430. What are the prime factors of f?
5, 7
Let k be (2/(-4))/(5/(-100)). What are the prime factors of 3/(-9)*k*-3?
2, 5
Let z(k) = -5*k - 9. What are the prime factors of z(-4)?
11
Let u(w) be the third derivative of w**4/12 + w**3/3 - 5*w**2. What are the prime factors of u(3)?
2
What are the prime factors of ((-6)/(-4) + -2)*-450?
3, 5
Let h be (-2)/8 - 4/(-16). Suppose 4*p - 11 - 1 = h. Suppose -5*y = 2*q - 42, 0 = -4*q - p - 13. List the prime factors of y.
2, 5
Let p(l) = 3*l**2 + 2*l - 1. Let r be p(1). What are the prime factors of (-25)/(-4) + (-1)/r?
2, 3
Let l = -30 - -52. What are the prime factors of l?
2, 11
Let o = -4 - -4. Suppose -4*a + k + 180 = -3*k, k + 3 = o. Suppose -a = -3*v - 2*r, 4 - 13 = -2*v + 5*r. List the prime factors of v.
2, 3
Let p(q) = 22*q - 3. Let x be p(3). Suppose 0 = 5*y - 72 - x. Suppose -4*a = -107 + y. List the prime factors of a.
2, 5
List the prime factors of ((-144)/(-64))/(6/16).
2, 3
Let r(x) = x**2 + 2*x. Let o be r(-3). Suppose 2*c = -g + 3, 11 = 6*g - o*g + 5*c. What are the prime factors of g?
7
Let l be 5 - 0*(-1)/2. Let c(u) = -u**3 - 14*u**2 - 14*u - 14. Let w be c(-13). Let a = w + l. List the prime factors of a.
2
Suppose -4*l - 5 = -1. Let y = l - -13. What are the prime factors of y?
2, 3
What are the prime factors of 298 - (4 + (-3 - (-2 + -1)))?
2, 3, 7
Suppose l = 6*l + 15. Let t(b) = -9*b - 3. Let a be t(l). Let s = -14 + a. List the prime factors of s.
2, 5
Suppose -2*a + 6 + 2 = 0. Let i be (9/(-15))/(a/(-20)). Suppose -3*m = i*y - 33, -4*m - 3*y + 0*y = -40. List the prime factors of m.
7
Let z(g) = g + 1. Let a(d) = -d + 3. Let b be a(5). Let i be b*2*(-2 + 1). List the prime factors of z(i).
5
Let b = -10 - -8. What are the prime factors of 34/4 - (-1)/b?
2
Let r = 12 + -26. Let m = r - -17. List the prime factors of m.
3
Let o(c) = 10*c. List the prime factors of o(4).
2, 5
Suppose 178*j - 181*j + 663 = 0. What are the prime factors of j?
13, 17
Let v = 289 + -22. What are the prime factors of v?
3, 89
Let p = 21 + -6. Suppose t = -2*t + p. List the prime factors of t.
5
Let b = -55 + 117. What are the prime factors of b?
2, 31
Let d(x) = -x**2 - 5 - 10*x - 5 - 1. Let z be d(-8). Suppose -2*o - 3*q + 18 = 0, z*q = o + 2*o - 27. What are the prime factors of o?
3
Let p = 30 - 25. List the prime factors of p.
5
Let n(y) = -y**2 + 10*y - 11. Let g be n(10). Let k be g/(-3) + 2/(-3). Let h = k + 2. What are the prime factors of h?
5
Let y(j) = -j**3 - 5*j**2 + 4*j - 2. Let d be y(-6). Let o = 18 - d. List the prime factors of (-4)/(-10) + o/5.
2
Let m = 91 - 62. Suppose -m = -5*r + 3*q + 106, 0 = -3*r - 4*q + 110. Let y = r + -16. List the prime factors of y.
2, 7
Suppose -16 = -4*h, 5*i + 0*i - 50 = -5*h. Let d(n) = 2*n + 6. What are the prime factors of d(i)?
2, 3
Let p = -6 + 9. Suppose -2*r + 4*z - 20 = -z, r + 3*z - 1 = 0. Let q = p - r. List the prime factors of q.
2
List the prime factors of (-579)/(-21) - 15/(-35).
2, 7
Let s be (-9 - 2/(-1))*-2. Suppose -s = 5*a - 54. Let i = a - 3. What are the prime factors of i?
5
Let j(i) = i**2 + 4*i - 4. Let n be -1 - ((-1 - 0) + 5). Let q be j(n). Suppose -q - 29 = -5*h. List the prime factors of h.
2, 3
Let c(a) be the third derivative of -a**6/144 - a**5/120 - a**4/24 + a**2. Let o(z) be the second derivative of c(z). What are the prime factors of o(-1)?
2
Let s(b) = b**3 - 7*b**2 + 7*b - 2. Let h be s(6). Suppose i - 34 = -4*c, 136 = i + 3*i + h*c. Suppose -x = x - i. What are the prime factors of x?
17
Let r(q) be the second derivative of -q**4/12 + 7*q**3/3 - q**2 - 2*q. What are the prime factors of r(10)?
2, 19
Let f be (-2 + 0)/(2/7). Let p(j) = j**3 + 7*j**2 - 2*j + 4. List the prime factors of p(f).
2, 3
Suppose 12*k = 15*k - 42. What are the prime factors of k?
2, 7
Let y(a) = 6*a + 40. Let u(o) = -4*o - 27. Let v(c) = 7*u(c) + 5*y(c). Let d(i) = -6*i - 33. Let f(z) = 6*d(z) + 17*v(z). What are the prime factors of f(-13)?
3, 5
Let m = 0 - 8. Let a = 13 + m. List the prime factors of a.
5
Let j(y) = 2*y + 3. What are the prime factors of j(3)?
3
Let u(y) = 3*y**3 - y**2 - 2. Suppose -5 = 2*b - 9. What are the prime factors of u(b)?
2, 3
Let u = -1 + -3. Suppose -f + 3*w = -3, 3*f - w - 14 = 3*w. What are the prime factors of (f/u - -1)*-6?
3
Let m(c) = -c - 2*c - 23 + 20. List the prime factors of m(-2).
3
Let w(a) = -101*a - 7. What are the prime factors of w(-2)?
3, 5, 13
Let k(x) = x**2 + 7*x 